*3 + 2*b**2 + 67*b + 43. Give y(10).
-87
Let x(s) = s**3 - 3766*s**2 - 291993*s - 71. Determine x(-76).
5
Let h(l) = -2019*l - 66607. Give h(-33).
20
Let w(b) = 167*b - 17386. Give w(123).
3155
Let q(y) = -5541*y + 426632. Calculate q(77).
-25
Let z(f) = -f**3 + 3*f**2 + 17*f + 92. Calculate z(7).
15
Let u(m) = 3*m**2 - 764*m + 45762. Give u(158).
-58
Let g(k) = 3*k**2 - 456*k + 5899. Determine g(14).
103
Let m(y) = 25*y**3 + 476*y**2 - 482*y - 9541. What is m(-19)?
-22
Let u(l) = 26*l**2 + 464*l + 1101. Determine u(-15).
-9
Let v(g) = g**2 - 59768*g + 26045438. Determine v(439).
7
Let p(h) = -3933*h - 13624. Give p(-4).
2108
Let x(v) = -2*v**3 - 49*v**2 + 494*v + 9617. What is x(-27)?
-76
Let j(t) = 5*t**3 - 103*t**2 - 47*t + 3. Give j(21).
-102
Let g(p) = -265932*p - 1861454. What is g(-7)?
70
Let r(c) = -c**3 - 9*c**2 + 552*c + 2860. Determine r(-5).
0
Let l(i) = 416*i + 3982. What is l(-10)?
-178
Let r(f) = -f**3 - 77*f**2 + 1495*f + 409. Calculate r(-93).
-242
Let k(i) = -i**3 + 37*i**2 - 254*i + 5128. Give k(37).
-4270
Let n(q) = -7306*q - 65655. What is n(-9)?
99
Let u(w) = -3*w**2 + 273*w - 4. What is u(91)?
-4
Let r(f) = 12*f**3 + 287*f**2 - 16*f + 13. What is r(-24)?
-179
Let i(n) = -n**3 - 31*n**2 + 575*n + 13273. Calculate i(-24).
-4559
Let l(g) = -2*g**3 + 9*g**2 - 24511*g - 122549. Calculate l(-5).
481
Let b(w) = 2*w**3 + 53*w**2 - 226*w - 14. Calculate b(-29).
2335
Let p(r) = -11*r**2 - 7*r + 605. Give p(6).
167
Let j(b) = 90*b**2 - 1797*b + 8619. What is j(8)?
3
Let l(m) = m**3 + 29*m**2 - 262*m - 8580. What is l(-19)?
8
Let i(b) = -b**3 + 19*b**2 - 35*b - 28. Determine i(4).
72
Let w(m) = 13770*m + 289121. What is w(-21)?
-49
Let z(f) = 1077*f + 43239. Give z(-39).
1236
Let k(s) = -47*s + 1410. Give k(13).
799
Let s(i) = -10*i**3 - 13*i**2 - 14*i + 146. What is s(-6)?
1922
Let q(v) = -647597*v + 5180782. Determine q(8).
6
Let d(p) = 208*p + 6694. Give d(-33).
-170
Let l(o) = o**3 - 129*o**2 - 817*o - 40. Determine l(-6).
2
Let a(y) = -1570*y**2 + 37677*y + 73. Calculate a(24).
1
Let x(o) = -o**2 - 12522*o + 464684. Calculate x(37).
1
Let d(q) = -6710*q**2 + 60373*q - 3. What is d(9)?
-156
Let b(t) = t**2 - 1884*t - 24730. Give b(-13).
-69
Let n(i) = i**3 - 13*i**2 + 26*i + 33. Determine n(6).
-63
Let q(t) = 786*t**2 + 5495*t - 48. Determine q(-7).
1
Let i(y) = -y**2 - 88*y + 12232. Give i(78).
-716
Let d(f) = 51*f**2 + 204*f - 1658. Give d(4).
-26
Let y(g) = -3625*g - 10866. Determine y(-3).
9
Let x(f) = 3*f**3 - 113*f**2 + 570*f - 5. Give x(6).
-5
Let f(b) = -32*b**3 - 3*b**2 - 32*b + 98. Calculate f(3).
-889
Let w(p) = p**3 - 12*p**2 - 23*p + 356. What is w(21)?
3842
Let v(x) = -2023*x + 631175. Give v(312).
-1
Let h(t) = -30832*t + 92505. Give h(3).
9
Let h(f) = -72*f**3 - 2*f**2 + 42*f + 40. What is h(-1)?
68
Let y(l) = -l**3 + 261*l**2 - 1416*l + 677. Give y(5).
-3
Let t(q) = q**3 + 132*q**2 + 2065*q + 1445. Give t(-114).
-37
Let a(x) = 2*x**2 + 347*x + 10259. Give a(-136).
59
Let o(p) = p**2 - 259*p + 13492. Calculate o(63).
1144
Let m(k) = 9*k**3 + 82*k**2 - 178*k + 60. What is m(-11)?
-39
Let o(a) = a**3 + 13*a**2 - 37*a - 294. Give o(-4).
-2
Let r(a) = 61*a - 1144. What is r(5)?
-839
Let x(d) = -2*d**3 - 15*d**2 + 990*d - 2672. Determine x(17).
-3
Let r(x) = x**3 + 25*x**2 - 1786*x - 11419. Calculate r(-6).
-19
Let a(t) = -t**3 + 2*t**2 + 561*t + 117. What is a(0)?
117
Let i(p) = p**2 + 841*p + 76704. Give i(-104).
56
Let s(d) = 336*d**2 + 80969*d + 51. Give s(-241).
1738
Let o(m) = m**3 - 11*m**2 - 431*m - 3115. What is o(-10)?
-905
Let n(b) = b**2 + 2*b - 42334. Determine n(-206).
-310
Let a(m) = -823340*m - 7410063. Calculate a(-9).
-3
Let r(g) = -6*g**2 - 831*g + 2051. Give r(-141).
-64
Let a(t) = -2629*t + 336526. Give a(128).
14
Let p(t) = 2*t**2 + 886*t - 26367. Calculate p(28).
9
Let x(z) = z**3 - 134*z**2 + 2974*z - 309. Give x(28).
-141
Let d(j) = 8*j**2 - 16192*j - 48579. Determine d(-3).
69
Let p(h) = -h**3 + 33*h**2 + 822*h - 27387. Determine p(31).
17
Let c(m) = 20749*m - 98. Determine c(0).
-98
Let s(d) = -195*d - 10968. What is s(-56)?
-48
Let y(v) = -12*v**3 + 334*v**2 + 93*v - 213. Calculate y(28).
823
Let y(x) = 18*x**3 - 196*x**2 - 28*x + 26. Give y(11).
-40
Let g(s) = s**2 - 48*s - 510. Calculate g(77).
1723
Let z(x) = -4*x**3 - 304*x**2 - 2*x - 538. What is z(-76)?
-386
Let n(d) = d**3 + 18*d**2 - 147*d - 1302. What is n(-22)?
-4
Let x(d) = -599*d - 17348. Calculate x(-29).
23
Let f(l) = 2*l**3 + 19*l**2 + 143*l - 650. What is f(4)?
354
Let m(z) = 39*z**3 - 76*z**2 + 23*z - 10. What is m(4)?
1362
Let u(s) = 10557*s**2 - 10756*s. Calculate u(1).
-199
Let h(r) = r**2 + 57*r - 6511. Give h(-114).
-13
Let u(i) = 23*i**2 - 232*i - 230. Give u(11).
1
Let u(r) = -17*r**2 - 161*r + 147. What is u(-10)?
57
Let v(z) = -49206*z + 98449. What is v(2)?
37
Let m(j) = j**3 - 27*j**2 - 940*j + 10829. Give m(43).
-7
Let u(l) = 8261*l - 272868. Determine u(33).
-255
Let n(d) = -62*d**2 + 1290*d - 1012. Determine n(20).
-12
Let c(g) = -19*g**3 + 2346*g**2 + 1197*g + 5333. Calculate c(124).
1
Let z(y) = 2607949*y - 5215879. Calculate z(2).
19
Let b(f) = -296155*f + 6811583. Determine b(23).
18
Let w(a) = 85*a**2 + 563*a - 876. What is w(-8)?
60
Let q(z) = -z**3 + 74*z**2 - 1322*z + 756. Calculate q(45).
-9
Let k(z) = -3*z**2 - 713177*z - 2852680. Calculate k(-4).
-20
Let p(q) = -q**3 + 36*q**2 + 51*q + 909. What is p(38)?
-41
Let u(x) = 36*x**3 - 220*x**2 + 671*x - 10. What is u(3)?
995
Let y(l) = -l**3 - 215*l**2 + 268*l - 51. Calculate y(1).
1
Let j(u) = 180863*u + 542589. Give j(-3).
0
Let f(u) = 7*u**3 - 74*u**2 + 155*u + 82. Give f(7).
-58
Let b(x) = 22433*x - 132934. Give b(6).
1664
Let i(g) = -5*g**3 - 5*g**2 + 27*g + 51. Calculate i(-6).
789
Let o(l) = -53*l**2 - 17*l + 284. Calculate o(0).
284
Let o(v) = 45152*v + 1083629. What is o(-24)?
-19
Let y(f) = f**3 - 60*f**2 + 699*f - 4169. Give y(47).
-33
Let i(p) = 1287*p - 114528. What is i(89)?
15
Let l(a) = 13929*a - 501423. Determine l(36).
21
Let w(d) = d**2 + 183*d - 18891. Calculate w(74).
127
Let f(r) = -r**2 + 5814*r + 23269. What is f(-4)?
-3
Let s(i) = 3672*i - 10956. Give s(5).
7404
Let p(z) = -z**3 - 6*z**2 - 34227*z - 136870. Calculate p(-4).
6
Let a(w) = -4*w**3 + 805*w**2 - 162*w - 8267. Determine a(201).
-428
Let v(k) = 2577*k - 59247. Give v(23).
24
Let f(n) = 6*n**2 + 258*n + 943. Calculate f(-4).
7
Let g(r) = -r**2 - 1925*r + 125226. What is g(63)?
-18
Let s(g) = -21*g**2 - 27*g + 81. What is s(-7)?
-759
Let c(j) = 236*j + 6011. Determine c(-25).
111
Let a(x) = x**3 + 9*x**2 - 30362*x - 121551. Give a(-4).
-23
Let a(b) = 42496*b + 84984. Give a(-2).
-8
Let u(s) = 13*s**3 + 95*s**2 + 37*s + 40. Determine u(-7).
-23
Let g(z) = -z**3 - 235*z**2 + 2458*z + 1844. Calculate g(-245).
-116
Let x(l) = 111126*l + 222373. Calculate x(-2).
121
Let f(r) = r - 138. Determine f(3).
-135
Let b(z) = 552633*z - 1105268. Determine b(2).
-2
Let l(b) = -290418*b - 580869. Give l(-2).
-33
Let o(x) = 12*x**3 + 75*x**2 + 215*x + 1216. Calculate o(-6).
34
Let m(o) = 3*o**3 + 81*o**2 - 104*o - 2625. Give m(-27).
183
Let z(q) = 22019*q - 110068. Give z(5).
27
Let i(c) = -375*c - 20917. What is i(-53)?
-1042
Let n(q) = -q**3 + 94*q**2 - 433*q + 137. Give n(89).
1205
Let h(t) = 4*t**3 - 895*t**2 + 5855*t + 878. Determine h(217).
10
Let f(y) = 42*y - 188. Determine f(12).
316
Let h(t) = -t**3 + 13*t**2 + 1175*t - 20708. Calculate h(20).
-8
Let z(d) = -10864*d + 434570. Determine z(40).
10
Let w(c) = -8269*c - 19332918. Calculate w(-2338).
4
Let t(c) = 7978*c - 1. What is t(0)?
-1
Let u(s) = 627*s**2 + 765*s + 11. What is u(-1)?
-127
Let a(g) = 1371*g - 139906. Calculate a(102).
-64
Let q(c) = -164*c**2 + 7708*c - 14773. Give q(45).
-13
Let z(k) = -28*k**3 + 2*k**2 + 231*k + 1009. Determine z(-5).
3404
Let b(a) = -1194*a - 1642948. What is b(-1376)?
-4
Let r(a) = -9580*a - 9461. Give r(-1).
119
Let u(a) = -36*a**3 - 171*a**2 + 33*a - 69. Calculate u(-5).
-9
Let g(c) = c**2 + 1361*c + 91605. Calculate g(-71).
15
Let x(c) = -1213*c + 116421. Calculate x(96).
-27
Let y(h) = 2*h**2 + 7872*h - 23622. What is y(3)?
12
Let r(s) = -s**2 + 286*s - 16453. What is r(116)?
3267
Let y(x) = 19*x**3 + 2435*x**2 + 430*x + 169. Give y(-128).
-5719
Let b(f) = 285*f**2 - 7418*f + 90. Gi